o base 11
4a
13 (base 5) to base 2
1000
Convert 44 (base 10) to base 11.
40
Convert -310 (base 7) to base 14.
-b0
330 (base 6) to base 13
99
What is 2 (base 5) in base 3?
2
Convert -3 (base 13) to base 4.
-3
-200 (base 3) to base 2
-10010
Convert 0 (base 8) to base 9.
0
0 (base 14) to base 2
0
11 (base 5) to base 4
12
-2 (base 7) to base 6
-2
-2 (base 11) to base 16
-2
33 (base 8) to base 10
27
What is 1b (base 14) in base 9?
27
Convert -140 (base 7) to base 10.
-77
Convert -161 (base 15) to base 14.
-188
5 (base 16) to base 11
5
What is -10202 (base 3) in base 15?
-6b
What is -29 (base 14) in base 10?
-37
Convert 18 (base 12) to base 2.
10100
Convert -11110100 (base 2) to base 13.
-15a
What is -10 (base 6) in base 8?
-6
-110100 (base 2) to base 7
-103
4 (base 10) to base 3
11
20 (base 15) to base 2
11110
101 (base 6) to base 10
37
Convert -3 (base 13) to base 4.
-3
2 (base 8) to base 11
2
Convert -15 (base 12) to base 9.
-18
What is -101001 (base 2) in base 14?
-2d
What is -4 (base 7) in base 13?
-4
-2 (base 15) to base 5
-2
-21 (base 8) to base 15
-12
Convert 200 (base 4) to base 10.
32
Convert -28 (base 10) to base 6.
-44
Convert -1 (base 5) to base 3.
-1
-221 (base 13) to base 11
-302
Convert -1021 (base 4) to base 13.
-58
112 (base 3) to base 11
13
What is 8 (base 9) in base 8?
10
What is -20 (base 8) in base 16?
-10
What is 242 (base 5) in base 8?
110
-11 (base 5) to base 4
-12
12 (base 9) to base 10
11
Convert -5 (base 11) to base 12.
-5
Convert -3 (base 16) to base 11.
-3
Convert -3 (base 12) to base 7.
-3
9 (base 11) to base 8
11
-31 (base 5) to base 2
-10000
Convert 1 (base 11) to base 9.
1
What is 3 (base 6) in base 3?
10
4 (base 10) to base 16
4
da (base 15) to base 6
541
What is -c (base 16) in base 15?
-c
15 (base 14) to base 7
25
Convert 4 (base 16) to base 15.
4
1 (base 6) to base 15
1
What is 3 (base 13) in base 15?
3
Convert -21 (base 3) to base 7.
-10
What is 22 (base 12) in base 14?
1c
Convert -18 (base 12) to base 15.
-15
What is -22 (base 8) in base 14?
-14
-74 (base 8) to base 16
-3c
-e (base 15) to base 16
-e
Convert -11 (base 2) to base 5.
-3
3 (base 5) to base 12
3
122 (base 6) to base 2
110010
Convert -1110110 (base 2) to base 9.
-141
What is 5 (base 6) in base 13?
5
Convert -65 (base 13) to base 11.
-76
What is 5 (base 9) in base 10?
5
What is 1002 (base 3) in base 16?
1d
What is -2 (base 6) in base 10?
-2
What is 1 (base 10) in base 9?
1
Convert -6 (base 15) to base 2.
-110
What is 23 (base 4) in base 12?
b
What is -76 (base 15) in base 8?
-157
Convert -42 (base 7) to base 3.
-1010
What is -3 (base 15) in base 4?
-3
Convert -2323 (base 4) to base 14.
-d5
What is 81 (base 11) in base 3?
10022
Convert -7 (base 13) to base 16.
-7
1 (base 12) to base 4
1
Convert 94 (base 16) to base 10.
148
Convert -77 (base 15) to base 12.
-94
Convert -7 (base 16) to base 2.
-111
Convert -8 (base 12) to base 5.
-13
What is -41 (base 5) in base 10?
-21
What is 1 (base 7) in base 15?
1
4 (base 8) to base 11
4
Convert 3a (base 12) to base 14.
34
12 (base 8) to base 4
22
What is -90 (base 12) in base 9?
-130
Convert -9 (base 16) to base 6.
-13
-95 (base 10) to base 7
-164
Convert 120 (base 3) to base 9.
16
Convert 1051 (base 6) to base 13.
160
What is 11 (base 10) in base 16?
b
320 (base 7) to base 15
ab
Convert 8 (base 10) to base 7.
11
What is 1010 (base 2) in base 7?
13
325 (base 10) to base 6
1301
e (base 16) to base 6
22
What is -21 (base 6) in base 5?
-23
Convert 32 (base 14) to base 6.
112
What is 4 (base 13) in base 12?
4
Convert 1c (base 13) to base 2.
11001
Convert 1 (base 12) to base 13.
1
-a (base 12) to base 16
-a
What is 47 (base 12) in base 14?
3d
What is -13 (base 13) in base 6?
-24
What is cb (base 14) in base 6?
455
2 (base 6) to base 12
2
What is -55 (base 12) in base 4?
-1001
-4 (base 5) to base 16
-4
Convert -30 (base 4) to base 5.
-22
-24 (base 10) to base 3
-220
What is 11 (base 3) in base 10?
4
What is 44 (base 13) in base 3?
2002
Convert -275 (base 8) to base 7.
-360
-3 (base 8) to base 5
-3
What is -5 (base 7) in base 4?
-11
What is 44 (base 9) in base 16?
28
What is 40 (base 9) in base 11?
33
Convert 58 (base 10) to base 11.
53
-11121 (base 4) to base 7
-1002
Convert 21 (base 11) to base 12.
1b
1420 (base 5) to base 10
235
-1101 (base 2) to base 15
-d
Convert -c (base 16) to base 7.
-15
Convert 10 (base 2) to base 8.
2
What is 3 (base 7) in base 15?
3
32 (base 10) to base 6
52
-5d (base 15) to base 3
-10021
Convert -100 (base 2) to base 15.
-4
Convert -1 (base 5) to base 16.
-1
-3 (base 5) to base 2
-11
-7d (base 16) to base 12
-a5
Convert 95 (base 10) to base 15.
65
Convert -4 (base 5) to base 12.
-4
Convert 3 (base 12) to base 15.
3
What is -5 (base 15) in base 13?
-5
Convert 0 (base 16) to base 14.
0
354 (base 6) to base 12
ba
Convert 3 (base 5) to base 13.
3
-4 (base 11) to base 3
-11
45 (base 15) to base 16
41
Convert 5 (base 11) to base 4.
11
21 (base 9) to base 6
31
Convert -2 (base 9) to base 15.
-2
Convert -133 (base 4) to base 8.
-37
What is 3231 (base 4) in base 6?
1033
Convert 28 (base 12) to base 10.
32
Convert -1000100 (base 2) to base 7.
-125
What is 1 (base 5) in base 10?
1
What is e (base 16) in base 8?
16
What is 19 (base 11) in base 14?
16
What is 2 (base 15) in base 12?
2
-11 (base 3) to base 14
-4
What is -3 (base 12) in base 16?
-3
What is -54 (base 8) in base 4?
-230
What is 13 (base 12) in base 8?
17
Convert 6c (base 15) to base 8.
146
What is -8 (base 10) in base 13?
-8
What is -2 (base 16) in base 12?
-2
What is -4 (base 10) in base 12?
-4
Convert 2 (base 11) to base 8.
2
Convert b (base 14) to base 10.
11
Convert -21 (base 11) to base 15.
-18
What is -10 (base 3) in base 7?
-3
5 (base 13) to base 16
5
-a (base 15) to base 6
-14
Convert -13 (base 6) to base 10.
-9
21 (base 12) to base 14
1b
Convert -178 (base 12) to base 10.
-236
What is 13 (base 4) in base 7?
10
What is 18 (base 11) in base 9?
21
Convert 8c (base 14) to base 12.
a4
Convert 0 (base 11) to base 3.
0
Convert 12 (base 7) to base 13.
9
-443 (base 7) to base 11
-197
-144 (base 5) to base 14
-37
Convert 3 (base 12) to base 10.
3
What is -3 (base 9) in base 8?
-3
What is 134 (base 10) in base 3?
11222
221 (base 3) to base 8
31
Convert -5 (base 10) to base 15.
-5
3a (base 13) to base 2
110001
19 (base 10) to base 16
13
-110 (base 2) to base 8
-6
Convert -11 (base 16) to base 11.
-16
What is -9 (base 11) in base 15?
-9
-33 (base 4) to base 3
-120
What is 2 (base 5) in base 13?
2
What is 2 (base 16) in base 4?
2
What is 5 (base 8) in base 7?
5
-18 (base 13) to base 7
-30
2 (base 10) to base 3
2
What is 2 (base 5) in base 12?
2
24 (base 13) to base 16
1e
Convert -13 (base 4) to base 3.
-21
Convert 311 (base 5) to base 15.
56
Convert 11 (base 6) to base 13.
7
Convert -21 (base 5) to base 13.
-b
-74 (base 14) to base 4
-1212
11 (base 5) to base 7
6
What is 120 (base 6) in base 16?
30
Convert -111 (base 2) to base 12.
-7
Convert 3 (base 7) to base 8.
3
2 (base 10) to base 5
2
Convert -c (base 15) to base 4.
-30
What is -111 (base 4) in base 12?
-19
Convert -22 (base 3) to base 12.
-8
Convert -7 (base 11) to base 3.
-21
What is -4f (base 16) in base 3?
-2221
-2 (base 8) to base 4
-2
-5 (base 9) to base 10
-5
14 (base 7) to base 11
10
95 (base 12) to base 3
11012
Convert -2 (base 16) to base 9.
-2
Convert 44 (base 12) to base 7.
103
What is -401 (base 8) in base 4?
-10001
What is -4 (base 11) in base 6?
-4
What is 8 (base 15) in base 6?
12
-115 (base 10) to base 15
-7a
-21 (base 10) to base 7
-30
What is 53 (base 6) in base 4?
201
What is 32 (base 11) in base 6?
55
16 (base 8) to base 2
1110
What is -8 (base 15) in base 11?
-8
Convert -3 (base 4) to base 5.
-3
What is 1212 (base 5) in base 12?
132
Convert -20 (base 4) to base 2.
-1000
Convert 11 (base 10) to base 3.
102
Convert -1 (base 5) to base 3.
-1
What is 12 (base 3) in base 11?
5
Convert 111100 (base 2) to base 4.
330
Convert 3 (base 11) to base 14.
3
Convert -324 (base 5) to base 6.
-225
-22120 (base 3) to base 4
-3213
Convert -1010101 (base 2) to base 16.
-55
What is -303 (base 10) in base 3?
-102020
What is 13 (base 14) in base 3?
122
Convert 158 (base 14) to base 8.
422
Convert 15f (base 16) to base 9.
430
-54 (base 13) to base 7
-126
-a (base 13) to base 9
-11
-2 (base